{"id":1090,"date":"2025-02-05T18:24:27","date_gmt":"2025-02-05T15:24:27","guid":{"rendered":"https:\/\/b2b.turkeyexpotrade.com\/?post_type=product&#038;p=1090"},"modified":"2025-03-05T18:38:55","modified_gmt":"2025-03-05T15:38:55","slug":"banyo-paspas-seti","status":"publish","type":"product","link":"https:\/\/b2b.turkeyexpotrade.com\/?product=banyo-paspas-seti","title":{"rendered":"Banyo Paspas Seti"},"content":{"rendered":"<p><strong>60*100 Cm\u00a0 (1 Adet)<\/strong><\/p>\n<p><strong>50*60 Cm (1 Adet)<\/strong><\/p>\n<p><strong>Renkler:<\/strong><\/p>\n<p><strong>Krem , Pudra , Cappucino , Gri<\/strong><\/p>\n<p>&nbsp;<\/p>\n<p><strong>Banyo Tak\u0131m\u0131 \u00d6zellikleri<\/strong><\/p>\n<p><strong>Anti-Bakteriyeldir.<\/strong><\/p>\n<p><strong>Yumu\u015fak ve Rahatt\u0131r.<\/strong><\/p>\n<p><strong>A\u015f\u0131nmaya Kar\u015f\u0131 Dayan\u0131kl\u0131.<\/strong><\/p>\n<p><strong>Birbirinden g\u00fczel ve trend renklerle banyonuzun dekorasyonuna<\/strong><\/p>\n<p><strong>uyum sa\u011flar ve spor bir g\u00f6r\u00fcn\u00fcm kazand\u0131r\u0131r.<\/strong><\/p>\n<p><strong>%100 Pamuktur.<\/strong><\/p>\n<p><strong>\u00c7ama\u015f\u0131r Makinesinde 30\u00b0C de Y\u0131kanabilir.<\/strong><\/p>\n<p><strong>Kansorejen boya i\u00e7ermez<\/strong><\/p>\n<h4><strong>T\u00fcrkiye\u2019de \u00dcretilmi\u015ftir.<\/strong><\/h4>\n","protected":false},"excerpt":{"rendered":"<p><strong>60*100 Cm\u00a0 (1 Adet)<\/strong><\/p>\n<p><strong>50*60 Cm (1 Adet)<\/strong><\/p>\n<p><strong>Renkler:<\/strong><\/p>\n<p><strong>Krem , Pudra , Cappucino , Gri<\/strong><\/p>\n<p>&nbsp;<\/p>\n<p><strong>Banyo Tak\u0131m\u0131 \u00d6zellikleri<\/strong><\/p>\n<p><strong>Anti-Bakteriyeldir.<\/strong><\/p>\n<p><strong>Yumu\u015fak ve Rahatt\u0131r.<\/strong><\/p>\n<p><strong>A\u015f\u0131nmaya Kar\u015f\u0131 Dayan\u0131kl\u0131.<\/strong><\/p>\n<p><strong>Birbirinden g\u00fczel ve trend renklerle banyonuzun dekorasyonuna<\/strong><\/p>\n<p><strong>uyum sa\u011flar ve spor bir g\u00f6r\u00fcn\u00fcm kazand\u0131r\u0131r.<\/strong><\/p>\n<p><strong>%100 Pamuktur.<\/strong><\/p>\n<p><strong>\u00c7ama\u015f\u0131r Makinesinde 30\u00b0C de Y\u0131kanabilir.<\/strong><\/p>\n<p><strong>Kansorejen boya i\u00e7ermez<\/strong><\/p>\n<h4><strong>T\u00fcrkiye\u2019de \u00dcretilmi\u015ftir.<\/strong><\/h4>\n","protected":false},"featured_media":1091,"comment_status":"open","ping_status":"closed","template":"","meta":[],"product_cat":[110,32],"product_tag":[],"class_list":{"0":"post-1090","1":"product","2":"type-product","3":"status-publish","4":"has-post-thumbnail","6":"product_cat-banyo-paspas-takim","7":"product_cat-ev-tekstil","9":"first","10":"instock","11":"shipping-taxable","12":"product-type-simple"},"_links":{"self":[{"href":"https:\/\/b2b.turkeyexpotrade.com\/index.php?rest_route=\/wp\/v2\/product\/1090","targetHints":{"allow":["GET"]}}],"collection":[{"href":"https:\/\/b2b.turkeyexpotrade.com\/index.php?rest_route=\/wp\/v2\/product"}],"about":[{"href":"https:\/\/b2b.turkeyexpotrade.com\/index.php?rest_route=\/wp\/v2\/types\/product"}],"replies":[{"embeddable":true,"href":"https:\/\/b2b.turkeyexpotrade.com\/index.php?rest_route=%2Fwp%2Fv2%2Fcomments&post=1090"}],"wp:featuredmedia":[{"embeddable":true,"href":"https:\/\/b2b.turkeyexpotrade.com\/index.php?rest_route=\/wp\/v2\/media\/1091"}],"wp:attachment":[{"href":"https:\/\/b2b.turkeyexpotrade.com\/index.php?rest_route=%2Fwp%2Fv2%2Fmedia&parent=1090"}],"wp:term":[{"taxonomy":"product_cat","embeddable":true,"href":"https:\/\/b2b.turkeyexpotrade.com\/index.php?rest_route=%2Fwp%2Fv2%2Fproduct_cat&post=1090"},{"taxonomy":"product_tag","embeddable":true,"href":"https:\/\/b2b.turkeyexpotrade.com\/index.php?rest_route=%2Fwp%2Fv2%2Fproduct_tag&post=1090"}],"curies":[{"name":"wp","href":"https:\/\/api.w.org\/{rel}","templated":true}]}}