{"id":317,"date":"2025-01-14T23:58:44","date_gmt":"2025-01-14T20:58:44","guid":{"rendered":"https:\/\/b2b.turkeyexpotrade.com\/?post_type=product&#038;p=317"},"modified":"2025-01-15T00:02:04","modified_gmt":"2025-01-14T21:02:04","slug":"mono-eko-extruder","status":"publish","type":"product","link":"https:\/\/b2b.turkeyexpotrade.com\/?product=mono-eko-extruder","title":{"rendered":"Mono Eko Extruder"},"content":{"rendered":"<p>Po\u015fet film makinasi<\/p>\n<p>T-shirt Po\u015fet \u2013 Ma\u011faza Po\u015feti \u2013 \u00c7uval i\u00e7i Naylonu-Ta\u015f\u0131ma Torbas\u0131- \u00c7\u00f6p Po\u015feti &#8211; Buz Dolab\u0131 Po\u015feti &#8211; Eczane Po\u015feti- vb. \u00fcr\u00fcnler<\/p>\n<div>\n<h2>GENEL \u00d6ZELL\u0130KLER<\/h2>\n<ul>\n<li>Y\u00fcksek ve Al\u00e7ak Yo\u011funluklu Polietilen Film \u00dcretimi<\/li>\n<li>\u00d6zel Kal\u0131p ve Vida Tasar\u0131m\u0131<\/li>\n<li>Hassas Film \u00dcretimi<\/li>\n<li>PLC Ekranda Is\u0131 ve Devir Kontrol Sistemi<\/li>\n<li>Otomatik Bobin De\u011fi\u015ftirme Opsiyonlu<\/li>\n<li>\u00c7ift Dudakl\u0131 Hava Ba\u015fl\u0131\u011f\u0131 Sistem<\/li>\n<\/ul>\n<\/div>\n<div>\n<h3>OPS\u0130YONEL \u00d6ZELL\u0130KLER<\/h3>\n<ul>\n<li>Krona Cihaz\u0131<\/li>\n<li>Dozajlama ve Hat Kontrol \u00dcnitesi<\/li>\n<li>Kal\u0131nl\u0131k Kontrol Sistemleri<\/li>\n<li>Otomatik Sarg\u0131 \u00dcnitesi<\/li>\n<li>S\u0131cak B\u0131\u00e7ak \u00dcnitesi<\/li>\n<li>Kenar Fire Sarma \u00dcnitesi<\/li>\n<li>Hidrolik Filtre<\/li>\n<li>Bas\u0131n\u00e7 Sens\u00f6r\u00fc<\/li>\n<li>Chiller So\u011futma Cihazlar\u0131<\/li>\n<\/ul>\n<\/div>\n","protected":false},"excerpt":{"rendered":"<p>Po\u015fet film makinasi, PE hammadde olan \u0131s\u0131tlarak rulo halinde gelir. Saatte 50 kg &#8211; 150 kg aras\u0131nda verim al\u0131n\u0131r<\/p>\n<p>T-Shirt Po\u015fet \u2013 Ma\u011faza Po\u015feti \u2013 \u00c7uval i\u00e7i Naylonu-Ta\u015f\u0131ma Torbas\u0131- \u00c7\u00f6p Po\u015feti &#8211; Buz Dolab\u0131 Po\u015feti &#8211; Eczane Po\u015feti- vb. \u00fcr\u00fcnler<\/p>\n","protected":false},"featured_media":318,"comment_status":"open","ping_status":"closed","template":"","meta":[],"product_cat":[42],"product_tag":[],"class_list":{"0":"post-317","1":"product","2":"type-product","3":"status-publish","4":"has-post-thumbnail","6":"product_cat-poset-uretim-makineleri","8":"first","9":"instock","10":"shipping-taxable","11":"purchasable","12":"product-type-simple"},"_links":{"self":[{"href":"https:\/\/b2b.turkeyexpotrade.com\/index.php?rest_route=\/wp\/v2\/product\/317","targetHints":{"allow":["GET"]}}],"collection":[{"href":"https:\/\/b2b.turkeyexpotrade.com\/index.php?rest_route=\/wp\/v2\/product"}],"about":[{"href":"https:\/\/b2b.turkeyexpotrade.com\/index.php?rest_route=\/wp\/v2\/types\/product"}],"replies":[{"embeddable":true,"href":"https:\/\/b2b.turkeyexpotrade.com\/index.php?rest_route=%2Fwp%2Fv2%2Fcomments&post=317"}],"wp:featuredmedia":[{"embeddable":true,"href":"https:\/\/b2b.turkeyexpotrade.com\/index.php?rest_route=\/wp\/v2\/media\/318"}],"wp:attachment":[{"href":"https:\/\/b2b.turkeyexpotrade.com\/index.php?rest_route=%2Fwp%2Fv2%2Fmedia&parent=317"}],"wp:term":[{"taxonomy":"product_cat","embeddable":true,"href":"https:\/\/b2b.turkeyexpotrade.com\/index.php?rest_route=%2Fwp%2Fv2%2Fproduct_cat&post=317"},{"taxonomy":"product_tag","embeddable":true,"href":"https:\/\/b2b.turkeyexpotrade.com\/index.php?rest_route=%2Fwp%2Fv2%2Fproduct_tag&post=317"}],"curies":[{"name":"wp","href":"https:\/\/api.w.org\/{rel}","templated":true}]}}